28 + 3029 = -4035. Calculate the remainder when z is divided by 142.
138
Let d = 5302 + -5237. Calculate the remainder when d is divided by 24.
17
Let q be (-20)/(-5) - (0 - -37). Let x = q + 34. Suppose 0*c = -c + x, 0 = 2*i + 5*c - 39. Calculate the remainder when 62 is divided by i.
11
Suppose -2*r + 3 = 1. Let a be -3 + -1*(-6)/2. Let j(t) = t**2 - 3*t + 6. Calculate the remainder when j(a) is divided by r.
0
Let j(q) = 5*q**2 + 22*q - 7. Let f be j(-4). What is the remainder when 91 is divided by (-504)/f + (-2)/(-5)?
23
Let o = -32525 - -36497. Calculate the remainder when o is divided by 7.
3
Let s be (-1 + 1 + -1)/(1/117). Let h = s - -242. Let p = -47 + h. Calculate the remainder when p is divided by 41.
37
Suppose 2*w - 441 = -143. Let u = 147 + w. What is the remainder when u is divided by 23?
20
Suppose -261 - 46 - 428 = -35*w. What is the remainder when 6906 is divided by w?
18
Suppose -2*v - 91 + 130 = -k, 3*v - 36 = -3*k. What is the remainder when 42 is divided by v?
8
Suppose 9 = b + 14, 0 = 2*t + b - 1077. Calculate the remainder when t is divided by 55.
46
Let s(r) = -2*r**2 + 60*r - 203. What is the remainder when 3225 is divided by s(24)?
80
Let h = -1467 + 2067. Calculate the remainder when h is divided by 291.
18
Let d(f) = -6*f**2 - 31*f. Let o be d(-5). Suppose -5*z - o*j + 250 = 0, 34 = z - 2*j - 7. What is the remainder when z is divided by 16?
15
Let n(h) = 163*h**2 + 46*h - 9. Calculate the remainder when 1331 is divided by n(-3).
11
Let m = -4644 + 4661. What is the remainder when 4010 is divided by m?
15
Let h(u) = u**2 - 19*u + 5. Let f be h(19). Suppose -4*q = q - f*z - 25, 8 = 2*z. Calculate the remainder when (26/8)/(12/96) is divided by q.
8
Let v(r) = 13*r - 59. Let i be v(32). Suppose 4*t - 8*t = -5*q + i, 75 = q - 2*t. Suppose 2*b = 4*b - 24. Calculate the remainder when q is divided by b.
9
Let s(i) = 4*i**3 - 2*i**2 - 4*i + 9. Let u be s(2). Suppose -3*d + u + 107 = 0. Calculate the remainder when d is divided by 13.
5
Suppose 5*n + 10 = 0, 2*n + 50 = 3*j + n. Suppose 110*u - 9338 = 12*u - 63*u. What is the remainder when u is divided by j?
10
Let q(j) = j**2 - 5*j - 33. Let f be q(11). Let n = 35 - f. Suppose -n*s - 4*w + 108 = 0, 4*s + w - 95 - 149 = 0. What is the remainder when s is divided by 13?
10
Let l(v) = 31*v - 3. Let x(d) = -d + 14 - 34 + 21. Let j(o) = -l(o) - 2*x(o). Calculate the remainder when j(-1) is divided by 11.
8
Suppose 1013*m + 1892 - 6694 = 999*m. Calculate the remainder when m is divided by 87.
82
Let r(g) = -202*g + 19763. What is the remainder when r(49) is divided by 14?
9
Suppose -2*z + 2 = -6, -5*a = -5*z + 10. Suppose 101 + 27 = a*v. Suppose 0 = -4*f + 12 + v. Calculate the remainder when f is divided by 10.
9
Calculate the remainder when (-81)/(96/(-240) - 1251/(-3165)) is divided by 222.
219
Suppose -9*s + 9216 = 9144. Calculate the remainder when 213 is divided by s.
5
Let i be 406/(-5*(4 + (-105)/25)). Let t = i - 32. Calculate the remainder when t is divided by 8.
6
Let a be (210/49)/((-2)/14). What is the remainder when 12 is divided by (-159)/(-24) - a/80?
5
Let y = -3317 - -3327. What is the remainder when 574 is divided by y?
4
Suppose -12*x + 13 = -923. Calculate the remainder when 2/4*1/3*x is divided by 7.
6
Let x = -2559 - -6705. Calculate the remainder when x is divided by 61.
59
Suppose 22*b = 26*b + j - 5166, -4*j = 4*b - 5184. What is the remainder when b is divided by 37?
32
Let q be (-77)/(-28) + (-11)/4 + 3. Suppose q*z - 3*x - 282 = x, 5*x = z - 83. Calculate the remainder when z is divided by 11.
10
Let v be 167 + -1 + (-20 - -22). Let d(n) = -2*n + v*n**2 - 169*n**2 - 3*n**3 + 5*n**3. What is the remainder when d(2) is divided by 5?
3
Let l(t) = 4*t**3 + 32*t**2 - 38*t - 274. What is the remainder when 358 is divided by l(-8)?
28
Let y be (-4)/26 - (-6801)/13. Let o = y + -497. Calculate the remainder when 72 is divided by o.
20
Let c(n) = 2*n**3 + 12*n**2 + 4*n + 11. Let s be 8/20 - 81/15. Let p = -38 - -47. Calculate the remainder when c(s) is divided by p.
5
Let q(m) = m**2 - 2*m. Let z be 4 - (-13)/((-13)/12). Let o be z/(-72) + 52/18. Calculate the remainder when 17 is divided by q(o).
2
Let a = 2135 - 2133. Let y = 5 - 1. Suppose -y*v - 2*h = -46, -52 = -2*v - v - 5*h. Calculate the remainder when v is divided by a.
1
Suppose -11*k + 4*k = 35*k - 420. Calculate the remainder when 379 is divided by k.
9
Let t = -11072 + 11384. What is the remainder when 1580 is divided by t?
20
Let m(b) = -10*b + 4. Let s(f) = -2759*f - 5452. Calculate the remainder when s(-2) is divided by m(-3).
32
Let t(w) = w**3 + 99*w**2 - 202*w + 41. Calculate the remainder when (-5)/(-3)*(70 - -2) is divided by t(-101).
38
Suppose 23*u + 72 = 117 + 461. Calculate the remainder when ((-50)/(-4))/((-8)/(-80)) is divided by u.
15
Suppose -216*m - 7188 = -219*m. Calculate the remainder when m is divided by 51.
50
Let i(o) = -o**2 + 55*o. What is the remainder when i(13) is divided by 268?
10
Suppose -155*a + 3175007 = 114*a. What is the remainder when a is divided by 13?
12
Suppose 0 = 34*u - 10141 - 5363. Suppose 598 = 2*m + 4*k, 5*k + u + 805 = 4*m. What is the remainder when m is divided by 78?
75
Suppose 272 = -16*p - 8*p + 160*p. Suppose 4*x + 57 = 7*x. What is the remainder when x is divided by p?
1
Let l = 96 + -132. Let o = l - -39. Calculate the remainder when 6 is divided by ((-52)/(-12) - 3)*o - 3.
0
Suppose -i + 55 = -6*i. Let z be 3 + 2/17 + 144/(-68). Calculate the remainder when 33 is divided by 1*(z + 1) - i.
7
Let y = 96 + -96. Suppose y = -20*b + 19*b + 32. Calculate the remainder when b is divided by 1*(-2 + 14 - 1).
10
Let u = 135 + 138. Suppose 0 = 71*a - 58*a - u. What is the remainder when 203 is divided by a?
14
Suppose -53*q + 1295 + 5664 = -2263. Suppose -213 = -4*j - o, -2*o - 60 = 2*j - 3*j. Calculate the remainder when q is divided by j.
12
Suppose -17124 = -630*u - 5784. Let k = -344 + 517. What is the remainder when k is divided by u?
11
Let a(s) = -11 + 101*s + 112*s - 198*s. What is the remainder when a(16) is divided by 21?
19
What is the remainder when 103 is divided by ((-81)/(-27) - (-1)/(-1)) + 4 - -52?
45
Let a = 86 + -64. Calculate the remainder when (-11 + 5 - -114) + -1 is divided by a.
19
Let g = -3102 - -3159. What is the remainder when 455 is divided by g?
56
Suppose f - 5*k = -4*k - 586, 0 = f - 3*k + 578. Let u = 214 - f. What is the remainder when u is divided by 13?
11
Let k(q) = 3*q**2 - 5*q - 1375. What is the remainder when 3603 is divided by k(-21)?
52
Suppose -2*c = -12 - 16. Let m = -186 + 227. What is the remainder when m is divided by c?
13
Suppose 5*y - 2*x = 10555, 3*y - 6333 = 3*x - 2*x. Calculate the remainder when y is divided by 263.
7
Let j = -6515 - -7606. Calculate the remainder when j is divided by 52.
51
Suppose 18*r - 25584 = 13854. What is the remainder when r is divided by 51?
49
Let o = -612 + 941. Let c(u) = 108*u - 1. Let g be c(-2). Let d = o + g. What is the remainder when d is divided by 23?
20
Let d = -1 - 1. Let l = -1546 - -1557. What is the remainder when 402/14 + d/(-7) is divided by l?
7
Let w = 140 + 155. Let a = 401 - w. What is the remainder when a is divided by 30?
16
Let p(l) = -l + 7. Let j be p(5). Suppose 237*n - 2026 - 2663 = 3132. What is the remainder when 6123/65 + j/(-10) is divided by n?
28
Suppose k = -4*j + 6*k + 18, 5*k - 24 = -2*j. What is the remainder when (-206)/(-10) + (-30)/(-75) is divided by (1/(-3))/(j/(-231))?
10
Let a = 9821 - 9506. What is the remainder when a is divided by 87?
54
Suppose 0 = 4*l - 16, -13*c + 11*c - 3*l = -42. Suppose 3*o = -a + 610, -198 = 14*o - c*o + 5*a. Calculate the remainder when o is divided by 41.
39
Suppose -5*q - 1113 + 98 = 0. Let z = -194 - q. What is the remainder when (3/(-2))/((-3)/228) is divided by z?
6
Suppose 5*b - 4*b - 26 = 0. Suppose 0 = -3*p - 33, 49*y - 7*p - 169 = 47*y. Calculate the remainder when y is divided by b.
20
Let n = -449 - -522. Suppose 15*c - 32 - n = 0. What is the remainder when 187 is divided by c?
5
Let j(p) = p**3 - 51*p**2 + 187*p + 47. What is the remainder when j(48) is divided by 14?
11
Let j(h) = 73*h**2 - 2*h + 1. Let l = 172 + -78. Let i = l + -79. What is the remainder when j(1) is divided b